{"id":564,"date":"2025-11-25T21:29:47","date_gmt":"2025-11-25T20:29:47","guid":{"rendered":"https:\/\/www.sklepik.szkolasztutowo.pl\/?post_type=product&#038;p=564"},"modified":"2025-11-30T17:21:56","modified_gmt":"2025-11-30T16:21:56","slug":"swieczka-swiateczna-renifer","status":"publish","type":"product","link":"https:\/\/www.sklepik.szkolasztutowo.pl\/index.php\/produkt\/swieczka-swiateczna-renifer\/","title":{"rendered":"\u015awieczka \u015bwi\u0105teczna RENIFER"},"content":{"rendered":"<h3 data-start=\"169\" data-end=\"226\"><strong data-start=\"173\" data-end=\"226\">\u015awieczka renifer \u2013 \u015bwi\u0105teczny klimat w Twoim domu<\/strong><\/h3>\n<p data-start=\"228\" data-end=\"537\">Wprowad\u017a do swojego wn\u0119trza magi\u0119 \u015awi\u0105t dzi\u0119ki wyj\u0105tkowej \u015bwieczce w kszta\u0142cie <strong data-start=\"307\" data-end=\"328\">uroczego renifera<\/strong>. Ten dekoracyjny element nie tylko pi\u0119knie prezentuje si\u0119 na stole, komodzie czy parapecie, ale r\u00f3wnie\u017c wype\u0142nia przestrze\u0144 <strong data-start=\"453\" data-end=\"492\">zapachem kojarz\u0105cym si\u0119 ze \u015awi\u0119tami<\/strong> \u2013 ciep\u0142ym, przytulnym i pe\u0142nym zimowych nut.<\/p>\n<p data-start=\"539\" data-end=\"801\">\u015awieczka dekoracyjna zosta\u0142a wykonana z wysokiej jako\u015bci wosku sojowego , kt\u00f3ry pali si\u0119 r\u00f3wnomiernie, tworz\u0105c nastrojow\u0105 aur\u0119 podczas \u015bwi\u0105tecznych wieczor\u00f3w. To idealny dodatek do dekoracji bo\u017conarodzeniowych, prezent dla bliskiej osoby lub element, kt\u00f3ry doda magii ka\u017cdemu wn\u0119trzu.<\/p>\n<h3 data-start=\"803\" data-end=\"826\"><strong data-start=\"807\" data-end=\"826\">Dlaczego warto?<\/strong><\/h3>\n<ul data-start=\"827\" data-end=\"1116\">\n<li data-start=\"827\" data-end=\"878\">\n<p data-start=\"829\" data-end=\"878\">\u2b50 Unikalny kszta\u0142t renifera \u2013 idealny na \u015awi\u0119ta<\/p>\n<\/li>\n<li data-start=\"879\" data-end=\"933\">\n<p data-start=\"881\" data-end=\"933\">\ud83c\udf84 Zapach przywo\u0142uj\u0105cy atmosfer\u0119 Bo\u017cego Narodzenia<\/p>\n<\/li>\n<li data-start=\"934\" data-end=\"984\">\n<p data-start=\"936\" data-end=\"984\">\ud83d\udd6f\ufe0f Wysoka jako\u015b\u0107 wosku sojowego i estetyczne wykonanie<\/p>\n<\/li>\n<li data-start=\"985\" data-end=\"1038\">\n<p data-start=\"987\" data-end=\"1038\">\ud83c\udf81 Doskona\u0142y pomys\u0142 na prezent lub dekoracj\u0119 domu<\/p>\n<\/li>\n<li data-start=\"1039\" data-end=\"1116\">\n<p data-start=\"1041\" data-end=\"1116\">\ud83c\udf1f Sprawdzi si\u0119 w salonie, sypialni, biurze, a nawet jako element stroika<\/p>\n<\/li>\n<\/ul>\n<p data-start=\"1118\" data-end=\"1209\">Wybierz \u015bwieczk\u0119 renifera i stw\u00f3rz wyj\u0105tkowy \u015bwi\u0105teczny klimat ju\u017c od pierwszego zapalenia!<\/p>\n","protected":false},"excerpt":{"rendered":"<p>\u015awieczka dekoracyjna zosta\u0142a wykonana z wysokiej jako\u015bci wosku sojowego, kolor bia\u0142y, zapach \u015bwi\u0105teczny.<\/p>\n","protected":false},"featured_media":608,"comment_status":"closed","ping_status":"closed","template":"","meta":[],"product_brand":[],"product_cat":[27,31],"product_tag":[33],"class_list":{"0":"post-564","1":"product","2":"type-product","3":"status-publish","4":"has-post-thumbnail","6":"product_cat-perlki","7":"product_cat-pojedyncze-produkty","8":"product_tag-swieczka","10":"first","11":"instock","12":"shipping-taxable","13":"purchasable","14":"product-type-simple"},"jetpack_sharing_enabled":true,"_links":{"self":[{"href":"https:\/\/www.sklepik.szkolasztutowo.pl\/index.php\/wp-json\/wp\/v2\/product\/564","targetHints":{"allow":["GET"]}}],"collection":[{"href":"https:\/\/www.sklepik.szkolasztutowo.pl\/index.php\/wp-json\/wp\/v2\/product"}],"about":[{"href":"https:\/\/www.sklepik.szkolasztutowo.pl\/index.php\/wp-json\/wp\/v2\/types\/product"}],"replies":[{"embeddable":true,"href":"https:\/\/www.sklepik.szkolasztutowo.pl\/index.php\/wp-json\/wp\/v2\/comments?post=564"}],"wp:featuredmedia":[{"embeddable":true,"href":"https:\/\/www.sklepik.szkolasztutowo.pl\/index.php\/wp-json\/wp\/v2\/media\/608"}],"wp:attachment":[{"href":"https:\/\/www.sklepik.szkolasztutowo.pl\/index.php\/wp-json\/wp\/v2\/media?parent=564"}],"wp:term":[{"taxonomy":"product_brand","embeddable":true,"href":"https:\/\/www.sklepik.szkolasztutowo.pl\/index.php\/wp-json\/wp\/v2\/product_brand?post=564"},{"taxonomy":"product_cat","embeddable":true,"href":"https:\/\/www.sklepik.szkolasztutowo.pl\/index.php\/wp-json\/wp\/v2\/product_cat?post=564"},{"taxonomy":"product_tag","embeddable":true,"href":"https:\/\/www.sklepik.szkolasztutowo.pl\/index.php\/wp-json\/wp\/v2\/product_tag?post=564"}],"curies":[{"name":"wp","href":"https:\/\/api.w.org\/{rel}","templated":true}]}}